5. What is the highest common divisor of d and 132?
12
Let n(f) = -3*f**2 + 2*f + 1. Let a be n(2). Let c be ((-1)/(-2))/(a/(-238)). Let z = c + -7. What is the highest common divisor of 2 and z?
2
Suppose 0 = -8*x + 51 + 85. Calculate the highest common factor of x and 68.
17
Let c(b) be the third derivative of -b**4/24 + 7*b**3/3 - b**2. Let x be c(9). What is the greatest common factor of x and 10?
5
Let i(n) = -3*n - 1. Let t be i(-1). Suppose 0 = 3*c - t - 4. What is the highest common divisor of c and 14?
2
Let s(h) = h**2 - 1. Let x be s(-1). Let r be (-90 + x)/(-3 - -2). Calculate the highest common factor of 10 and r.
10
Let g be (3 + 11)*(-48)/(-7). Suppose -38 = -2*x - 2*x + 2*i, -5*x + 40 = -4*i. What is the greatest common divisor of g and x?
12
Let l be (-6)/(-10) - (-34)/10. Suppose 4*m = -30 + 94. What is the greatest common divisor of l and m?
4
Let m be 1*(2/1 + 13). Let g be -1*15/1*-1. Calculate the highest common factor of m and g.
15
Let y(b) = -b - 3. Suppose -3*c = 5*i + 34, -2*i - 2*i - 24 = 4*c. Let s be y(i). Let n be 100/s + -4 + 1. What is the highest common divisor of 119 and n?
17
Let q = 333 + -228. Suppose -15 - 10 = -5*d. Suppose -25 = -3*h + d*b + 30, -h - 5*b + 5 = 0. What is the highest common factor of h and q?
15
Let h be (0 - 15/(-5)) + 2. Suppose -50 = 4*g - 5*g. Calculate the greatest common divisor of g and h.
5
Let t(r) = -2 + 0*r + 7*r**2 + 0*r**3 - r**3 + r. Let v be t(7). Suppose p - 173 = -0*q - 3*q, v*q = p + 283. What is the greatest common divisor of 38 and q?
19
Suppose -3*k - 273 = -2*p, 4 = -6*k + 2*k. Let o = p - 85. What is the greatest common divisor of 10 and o?
10
Let d = 346 + -202. Calculate the greatest common factor of d and 18.
18
Let x be 317 + (-2)/(4/18*-3). What is the highest common factor of x and 40?
40
Let n be (-30)/(-2) - (-5 + 2). Calculate the highest common divisor of n and 36.
18
Let j be 106*(-1)/(-1)*1. Let y be (-2 - (-28)/20)*-5. Suppose -y*m + 38 = -j. What is the greatest common factor of 16 and m?
16
Let c be ((-2)/6)/((-1)/(-3))*-23. Calculate the greatest common divisor of c and 161.
23
Let g = -1 + 4. Suppose 18 = -g*j + 288. Calculate the highest common divisor of 10 and j.
10
Let c(y) = -y**2 + 10*y - 12. Let d be c(6). Suppose -4 - 8 = -4*f. What is the highest common divisor of f and d?
3
Let s be (-51)/6*(-7 - -1). Suppose -3*i = -2*i - 5*m - 60, -s = -i - 4*m. What is the greatest common factor of i and 5?
5
Let b be 222/4 + (-1)/(-2). Let f be 1*5*(-12)/(-10). Let u be 2/f*21*1. Calculate the highest common divisor of b and u.
7
Let h be (9/2)/(6/(-8)). Let z = h - -8. Suppose w = -w + 2*v + 2, 8 = z*v. Calculate the greatest common divisor of 5 and w.
5
Let m(t) = t**3 + 5*t**2 - 2*t. Suppose -5*p = 4*b - 28 + 9, -17 = -4*p - 5*b. Let o be m(p). Calculate the highest common factor of 22 and o.
22
Let d be 6/15 + 196/10. Let m(u) = -u**3 - 2*u**2 + u + 4. Let c be m(-3). Calculate the greatest common divisor of d and c.
10
Suppose -b - 12 = -0*b + 5*q, 0 = b + 2*q. Let v be ((-4)/(-10))/(3/1290). Let c = v + -100. What is the highest common factor of c and b?
8
Suppose -23*m = -19*m - 16. Suppose -m*u = u - 600. What is the highest common divisor of 12 and u?
12
Let u = -3 - -3. Suppose u = -3*y - 3*l + 1239, -3*y + 0*y = -5*l - 1279. Let o = y + -286. Calculate the highest common factor of 12 and o.
12
Suppose -5*f = 6 - 36. Let h(g) = -g**3 + 4*g**2 - 4*g + 1. Let r be h(3). Let q be (0 + (r - 52))*-1. Calculate the highest common divisor of q and f.
6
Let i(o) = -o**2 - o - 1. Let m(j) = -4*j**2 - 6*j + 51. Let x(n) = -5*i(n) + m(n). Let q be x(0). What is the greatest common divisor of 7 and q?
7
Let c(l) = l**2 - 8*l + 5. Let q be c(7). Let o be (1 + 5/q)*-2. Suppose o*k + 14 = 4*k. What is the greatest common factor of 14 and k?
14
Let l(t) = -2*t**2 - 12*t. Let w be l(-5). Calculate the highest common factor of w and 90.
10
Suppose 110 = -5*z - 3*t - 2*t, -5*t + 98 = -3*z. Let s = z + 62. Suppose -5*q + 3 = 2*x, -3*x + 2*q + 42 = -3*q. What is the greatest common factor of x and s?
9
Suppose -2*q - 14 = -34. What is the greatest common divisor of 15 and q?
5
Let b(f) be the first derivative of -f**4/4 + 4*f**3/3 + f**2/2 - 4*f - 3. Let j be b(3). Calculate the highest common divisor of j and 8.
8
Suppose 4*r - 10 = 2*r. Let b be r/((-60)/(-56))*3. What is the greatest common divisor of 28 and b?
14
Let l be (-4)/(-5)*10/4. Let r(a) = a**2 - 10*a + 12. Let k be r(9). Let u be l/(-2) + k*11. Calculate the highest common divisor of 8 and u.
8
Let o(l) = -12*l + 10. Let h(w) = -60*w + 51. Let a(s) = -2*h(s) + 11*o(s). Let i be a(-6). Calculate the greatest common factor of i and 16.
16
Let l = 12 + 1. Let y = 1 + -5. Let a be (-1 - 5)/(y/26). Calculate the highest common divisor of l and a.
13
Let l = 6 - 3. Suppose -7*y = -l*p - 2*y, y = 0. Suppose 5*a + p*a - 425 = 0. What is the greatest common factor of 17 and a?
17
Suppose 0 = -c - c. Let w(f) = f + 54. Let h be w(c). Calculate the greatest common divisor of h and 6.
6
Let m(g) = 59*g**2 - 2*g - 1. Let t be m(-1). Let y = -30 + t. What is the highest common divisor of 20 and y?
10
Suppose -q = 3*q - 36. Let j(a) be the third derivative of -a**6/120 + a**5/6 - a**4/6 + 2*a**2. Let z be j(q). What is the greatest common factor of 15 and z?
15
Let t be 6 - (1 + (-4)/2). Let j(c) = -8*c**2 + 11*c + 2 + c**3 + 0*c**3 - 6. Let d be j(t). Calculate the highest common divisor of 8 and d.
8
Let k(d) = 2*d**2 + 8*d + 3. Let v be k(-6). What is the greatest common factor of v and 9?
9
Suppose 0 = -t + s + 6 + 3, 2*t + 5*s - 18 = 0. Let y(j) = j - 8. Let z be y(6). Let i be z/8 - 253/(-4). Calculate the highest common divisor of t and i.
9
Suppose 3*n - 8 = 13. Calculate the highest common factor of n and 49.
7
Let p be (-2)/(-2 + 28/15). Suppose -b = -86 - 34. Calculate the highest common factor of b and p.
15
Let z be ((-2)/(-3))/(-2) - (-4408)/57. What is the greatest common factor of z and 7?
7
Let x = 5 + -7. Let f be 2 - (x - (-6)/(-3)). Let a(m) = -m**2 - 6*m + 3. Let o be a(-3). What is the greatest common factor of f and o?
6
Let c(z) be the first derivative of z**3/3 - 7*z**2/2 + 12*z + 2. Let h = -7 - -15. Let o be c(h). What is the greatest common divisor of o and 4?
4
Let f = 62 + -36. Suppose q - 31 = -5*d - 3, 2*q - f = -4*d. What is the greatest common divisor of q and 2?
1
Let q = 15 + 11. What is the greatest common factor of 13 and q?
13
Suppose -g = -3*p - 21, -5*g = -0*p - 5*p - 55. Calculate the greatest common divisor of 66 and g.
6
Let k be 3 - -1*(17 + -3). Let a = -4 + k. Let r = 195 - 91. What is the greatest common factor of a and r?
13
Let d be 174 - ((-9)/(-15))/(5/25). Suppose 2*x = 3*u + 23, 0*x = -x + u + 14. What is the greatest common divisor of x and d?
19
Let j = 11 - 8. Let o be j/(-1 - 2) + 29. Let t be 16/6*42/8. What is the highest common divisor of t and o?
14
Suppose -4*r + 5*r - 15 = 0. Suppose y = -2*y - r, 3*c - 339 = 3*y. What is the highest common factor of c and 18?
18
Let k = -6 - -1. Let t = k + 12. Calculate the greatest common divisor of t and 28.
7
Let f be (-90)/(-6)*10 - -3. What is the highest common divisor of f and 9?
9
Let s = -71 + 85. What is the greatest common factor of 70 and s?
14
Let n = -1 - -2. Let k be ((-735)/(-9) - n)*3. Calculate the highest common divisor of 22 and k.
22
Let i = 6 + -6. Suppose 4*g - 6*g + 10 = i. Calculate the greatest common factor of g and 10.
5
Let f be (-8)/12 - 13/3. Let b(n) = n**3 + 4*n**2 - 7*n - 6. Let d be b(f). Calculate the highest common factor of 10 and d.
2
Let n be 1 + 4 - (5 - 5). Suppose -74 = -4*c + 2*g, -4*c + 5*g = -n - 60. Calculate the greatest common divisor of c and 8.
4
Let q = -14 - -24. Let z = 2 - 3. Let c = z - -6. What is the greatest common divisor of c and q?
5
Suppose 9*m - 30 = -m. What is the highest common factor of m and 39?
3
Let y be 0 - 0 - (-47 - 1). Let t be 28/4*y/7. What is the greatest common factor of t and 12?
12
Let c = -66 - -83. What is the greatest common factor of 17 and c?
17
Suppose -2*v = -4*v - 2*o + 116, 2*v = 2*o + 100. Let k = -36 + v. Calculate the greatest common factor of 45 and k.
9
Suppose d - 9 - 23 = -5*p, -4*d = 3*p - 43. Let g(l) = -14*l. Le